t of 1126317071?
1
What is the tens digit of 789661090?
9
What is the hundred millions digit of 316881265?
3
What is the ten millions digit of 39123126?
3
What is the thousands digit of 20843668?
3
What is the hundred millions digit of 5126363910?
1
What is the thousands digit of 623482207?
2
What is the hundred millions digit of 146056923?
1
What is the millions digit of 1622626615?
2
What is the millions digit of 74591622?
4
What is the hundreds digit of 361325254?
2
What is the units digit of 28922898?
8
What is the units digit of 7790500?
0
What is the units digit of 6032882154?
4
What is the hundred millions digit of 2701665035?
7
What is the ten thousands digit of 7245426354?
2
What is the ten millions digit of 31819804?
3
What is the hundred thousands digit of 9055254?
0
What is the hundred millions digit of 340863506?
3
What is the ten thousands digit of 351592411?
9
What is the hundred thousands digit of 83053333?
0
What is the hundred thousands digit of 125582369?
5
What is the millions digit of 731158842?
1
What is the hundred millions digit of 610332240?
6
What is the ten millions digit of 1320115547?
2
What is the hundred thousands digit of 743422430?
4
What is the thousands digit of 2278482847?
2
What is the millions digit of 92592678?
2
What is the units digit of 2254522526?
6
What is the hundred thousands digit of 1723923835?
9
What is the hundreds digit of 381116527?
5
What is the thousands digit of 33665268?
5
What is the units digit of 489228197?
7
What is the tens digit of 45249786?
8
What is the hundred millions digit of 227605845?
2
What is the hundreds digit of 1553765240?
2
What is the ten thousands digit of 4862317394?
1
What is the hundred thousands digit of 48589637?
5
What is the ten thousands digit of 118829392?
2
What is the ten millions digit of 189597372?
8
What is the ten millions digit of 105411805?
0
What is the hundreds digit of 1750179866?
8
What is the ten millions digit of 1455475421?
5
What is the units digit of 2221337224?
4
What is the ten millions digit of 92235823?
9
What is the hundred thousands digit of 192975824?
9
What is the billions digit of 1030260612?
1
What is the hundreds digit of 150319469?
4
What is the hundreds digit of 2900875198?
1
What is the ten thousands digit of 55506653?
0
What is the thousands digit of 20527359?
7
What is the hundreds digit of 69505293?
2
What is the units digit of 238508996?
6
What is the hundreds digit of 53326836?
8
What is the units digit of 6034156243?
3
What is the ten millions digit of 507830656?
0
What is the millions digit of 636354665?
6
What is the ten thousands digit of 76137446?
3
What is the hundreds digit of 49709911?
9
What is the hundred thousands digit of 99584680?
5
What is the millions digit of 65639783?
5
What is the ten millions digit of 393237935?
9
What is the millions digit of 28558395?
8
What is the hundred millions digit of 303196891?
3
What is the hundred thousands digit of 15338573?
3
What is the ten thousands digit of 1230539418?
3
What is the hundred thousands digit of 17723334?
7
What is the hundreds digit of 82891344?
3
What is the billions digit of 1627608261?
1
What is the ten millions digit of 173107936?
7
What is the tens digit of 28289781?
8
What is the millions digit of 1294436453?
4
What is the hundreds digit of 240827745?
7
What is the hundred millions digit of 316416834?
3
What is the thousands digit of 77124268?
4
What is the ten millions digit of 147257720?
4
What is the ten thousands digit of 307648711?
4
What is the hundreds digit of 135341247?
2
What is the ten thousands digit of 85103619?
0
What is the millions digit of 34499364?
4
What is the hundreds digit of 4095568088?
0
What is the tens digit of 123679721?
2
What is the units digit of 54962445?
5
What is the ten thousands digit of 8149387622?
8
What is the units digit of 24355639?
9
What is the hundreds digit of 16978569?
5
What is the tens digit of 438353747?
4
What is the tens digit of 1063903093?
9
What is the hundred millions digit of 465938784?
4
What is the ten thousands digit of 1408909?
0
What is the billions digit of 1338502894?
1
What is the billions digit of 1988746435?
1
What is the thousands digit of 343149023?
9
What is the units digit of 574143009?
9
What is the units digit of 637284982?
2
What is the hundred thousands digit of 1209430485?
4
What is the tens digit of 4281357?
5
What is the millions digit of 62229509?
2
What is the ten millions digit of 1329779246?
2
What is the hundred thousands digit of 96319971?
3
What is the ten thousands digit of 12891677?
9
What is the hundreds digit of 586713432?
4
What is the hundred thousands digit of 361120215?
1
What is the ten thousands digit of 210643730?
4
What is the ten millions digit of 230970017?
3
What is the billions digit of 1200427276?
1
What is the millions digit of 1932021737?
2
What is the ten thousands digit of 740165761?
6
What is the ten millions digit of 13683701?
1
What is the tens digit of 18921016?
1
What is the tens digit of 1890795019?
1
What is the millions digit of 680348046?
0
What is the units digit of 4278120446?
6
What is the thousands digit of 4794447?
4
What is the hundreds digit of 221684619?
6
What is the hundreds digit of 19572686?
6
What is the billions digit of 2203899898?
2
What is the tens digit of 176341991?
9
What is the millions digit of 482016193?
2
What is the hundred millions digit of 691215784?
6
What is the ten millions digit of 163156018?
6
What is the tens digit of 1805044957?
5
What is the ten thousands digit of 477429?
7
What is the tens digit of 3939073278?
7
What is the millions digit of 271871199?
1
What is the ten thousands digit of 123614349?
1
What is the thousands digit of 1844285728?
5
What is the ten millions digit of 637300920?
3
What is the hundred thousands digit of 4681156255?
1
What is the units digit of 36977234?
4
What is the millions digit of 74857560?
4
What is the ten millions digit of 79122815?
7
What is the hundred thousands digit of 33169553?
1
What is the millions digit of 968056891?
8
What is the units digit of 4504398276?
6
What is the hundred millions digit of 2357136586?
3
What is the ten thousands digit of 1601759587?
5
What is the tens digit of 1935266410?
1
What is the millions digit of 365820135?
5
What is the ten thousands digit of 231816297?
1
What is the ten thousands digit of 150705061?
0
What is the tens digit of 85936678?
7
What is the hundred millions digit of 475396054?
4
What is the units digit of 5873460861?
1
What is the units digit of 196510881?
1
What is the ten millions digit of 14992322?
1
What is the tens digit of 14438488?
8
What is the units digit of 184413274?
4
What is the tens digit of 270213156?
5
What is the ten thousands digit of 1372885243?
8
What is the hundred millions digit of 101527851?
1
What is the units digit of 291196274?
4
What is the ten thousands digit of 1877526368?
2
What is the thousands digit of 185886999?
6
What is the hundreds digit of 21102714?
7
What is the hundred thousands digit of 2029739190?
7
What is the millions digit of 21369652?
1
What is the tens digit of 390286728?
2
What is the hundred thousands digit of 125377097?
3
What is the units digit of 1353582347?
7
What is the hundred millions digit of 208663522?
2
What is the millions digit of 744768767?
4
What is the ten millions digit of 330910062?
3
What is the tens digit of 634945456?
5
What is the tens digit of 42660367?
6
What is the millions digit of 2579792787?
9
What is the millions digit of 1322924996?
2
What is the ten millions digit of 1027227558?
2
What is the ten millions digit of 241326142?
4
What is the units digit of 61940221?
1
What is the units digit of 489128740?
0
What is the tens digit of 21460046?
4
What is the ten thousands digit of 149225984?
2
What is the units digit of 128697919?
9
What is the hundred thousands digit of 414075107?
0
What is the ten thousands digit of 817508030?
0
What is the millions digit of 42455991?
2
What is the hundreds digit of 2053724757?
7
What is the thousands digit of 957016237?
6
What is the ten thousands digit of 162041320?
4
What is the hundreds digit of 859352146?
1
What is the units digit of 597288248?
8
What is the ten millions digit of 115226062?
1
What is the t